 = -36. Calculate the highest common factor of p and 178.
2
Let y = 2007 - 1342. What is the highest common factor of y and 7?
7
Let m = -3 - -7. Let n = 543 - 543. Suppose -2*f + n = -m. What is the highest common divisor of 16 and f?
2
Let z = -7 + -3. Let u = -7 - z. Let h be 43/u - 7/21. What is the highest common divisor of 2 and h?
2
Suppose -3*a - 4*q - 14 = -125, 199 = 5*a + 2*q. Suppose 26*o - 164 = 24*o. Calculate the highest common factor of o and a.
41
Let a(s) = -s**2 - 4*s - 3. Let t be a(-4). Let j be (-141)/(2 + t) + 3. Let r(i) = i**2 + i - 4. Let u be r(-5). What is the highest common divisor of j and u?
16
Let o(q) = 4*q + 43. Let l be o(-4). Calculate the greatest common divisor of l and 153.
9
Suppose -2*o + c = -6*o + 140, 4*c = -16. What is the highest common factor of 28 and o?
4
Let x = 303 - 213. Let a be x/150*(-1 + 67 + -1). What is the highest common factor of a and 351?
39
Let k be (-9)/6*32/(-3). Let v = 29 - k. What is the highest common factor of 130 and v?
13
Let w = -488 + 489. What is the greatest common factor of w and 8?
1
Let m be 3/6*(1 + -3) + -1. Let h be ((-270)/(-4))/((-3)/12*m). What is the greatest common factor of 45 and h?
45
Suppose -1 = 6*h - 7*h. Let o(s) = s**3 - 7*s**2 + 8*s - 9. Let f be (-16)/12*9/(-2). Let j be o(f). What is the highest common divisor of h and j?
1
Let z(d) = -2*d**3 - 39*d**2 + 42*d - 13. Let m be z(-21). What is the highest common divisor of m and 4?
4
Suppose 37*q - 85*q + 129648 = 0. What is the greatest common factor of 37 and q?
37
Let n = 1382 + -794. Calculate the greatest common divisor of 56 and n.
28
Suppose 0 = -4*g - r + 47, 4*g + 5*r - 2*r - 45 = 0. What is the greatest common factor of g and 8?
4
Let m = 82 + -18. Calculate the greatest common divisor of m and 16.
16
Let l be (-329)/(-21) + (-6)/9. Suppose -2*r = -0*r - 150. What is the greatest common divisor of r and l?
15
Suppose 420 = 4*w - 4*d, -3*w = -2*d - 199 - 116. Calculate the highest common divisor of 7 and w.
7
Suppose 15*u - 33 = 4*u. Let z be 5/1 - (1 - -1). What is the greatest common factor of u and z?
3
Let x(c) = 7*c**2 - 5*c. Suppose 2*o = 3*o - 5. Let f be x(o). Let w(h) = 3*h**2 + h + 1. Let y be w(2). What is the highest common divisor of f and y?
15
Let j = -2353 - -3403. What is the highest common factor of 42 and j?
42
Let x be (-44 + 2)/(-3) - -2. Suppose 3*t - 5*m + 6*m = -302, -3*t - 310 = 5*m. Let w be ((-8)/(-10))/((-1)/t). What is the highest common divisor of w and x?
16
Suppose -2*c = 3*v - 11, 3*v = -5*c + 2*v + 21. Suppose -c*x + 2 = -2. What is the highest common divisor of x and 2?
1
Suppose 18*a + 210 = 21*a. Calculate the greatest common factor of a and 525.
35
Let v = -54 + 111. Suppose 0 = -t + v + 33. Let h be 15/2*48/10. What is the greatest common divisor of h and t?
18
Suppose -6*b - 134 = -3*u - b, -3*b + 6 = 0. Let x(g) = -6*g + 2. Let j be x(-5). What is the highest common divisor of j and u?
16
Let o be (-22596)/(-156) + -10 + 2/13. Calculate the highest common divisor of o and 108.
27
Let c = -102 - -197. Calculate the greatest common divisor of 57 and c.
19
Suppose -5*c - 6 = -1. Let i be c + 119 + 3 + 0. Let m(d) = d**2 - 8*d + 11. Let u be m(8). What is the highest common divisor of u and i?
11
Let y be (-10 + 35)*1*(-1)/(-5). Suppose 71 = 3*k - 19. What is the highest common factor of y and k?
5
Let n be (-9025)/(-225) - (-2)/(-18). Calculate the greatest common divisor of 376 and n.
8
Let a be 9/(-6)*10/15. Let g be -4*(4/(-16))/(a/(-26)). Calculate the greatest common factor of 39 and g.
13
Suppose 0*a = 2*a + i - 87, 0 = 3*a - 4*i - 147. Let u be (-47*(-9)/3)/1. Suppose 5*t - 9 = u. What is the highest common factor of a and t?
15
Suppose -3*k + 3 = 0, -2*t + 75 = -k - 0*k. Suppose 2*n = -t + 64. What is the highest common divisor of n and 13?
13
Suppose 3*f - 1860 = -5*x, x + 2*x = 4*f - 2480. Suppose 5*g + 4*s - f = 0, -g + 4*s + 276 = g. What is the highest common factor of 32 and g?
32
Let f = -679 - -796. Calculate the highest common divisor of f and 18.
9
Let x(u) = -u**3 + 6*u**2 + 7*u + 5. Let z be x(7). Let o = 2 + 26. Suppose -2*i + o = -62. What is the highest common factor of i and z?
5
Let q(c) = c**2 + 27*c + 142. Let d be q(-20). Calculate the highest common factor of d and 19.
1
Suppose -o = 0, g = 4*o + 13 - 42. Let j = -26 - g. Suppose 2*l + 2*u = 50, 3*l - u = 10 + 61. What is the highest common factor of j and l?
3
Let n be 2/(0 + (-3)/174). Let c = n - -215. Suppose 4*v - 51 = -s + 6*s, 5*v = -5*s + 30. What is the highest common factor of c and v?
9
Let m = -3 + 8. Let q be (15/10)/(2/4). Suppose -t - 2*r = -28, -q*t + r + 2*r + 48 = 0. Calculate the greatest common factor of t and m.
5
Suppose 0 = 3*u + 3*d - 87, -d = 3*u + u - 116. Let q = u - -67. Let z = 21 - 9. Calculate the highest common divisor of q and z.
12
Let m(b) = -b**3 + 13*b**2 + 2*b - 25. Let q be m(13). Let d be -4 - -11*(q - 0). What is the greatest common divisor of 77 and d?
7
Suppose 2*h = y - 270 - 45, 0 = -4*h. What is the highest common factor of y and 90?
45
Suppose 48*w - 2096 - 304 = 0. Calculate the highest common factor of 550 and w.
50
Let r be 2 - 12/(-9)*3. Suppose 4*y - 3*i = 5*y - 28, -y + 24 = 5*i. Suppose -z - 230 = -4*s + y, 0 = -4*z. Calculate the highest common factor of s and r.
6
Let s(h) = 2*h**3 - 5*h**2 - 4*h + 1. Let f be s(4). Let n(g) = 2*g**2 - 18*g + 27. Let k be n(12). What is the greatest common factor of k and f?
33
Suppose 16*x + 95 = 383. Let l be (-2 - 0) + (2 - -36). Calculate the highest common divisor of x and l.
18
Suppose 0 = -6*r - 8 + 14. What is the greatest common factor of 8 and r?
1
Suppose -5*h = 3*z - h - 56, 0 = 2*z + h - 34. Calculate the greatest common divisor of z and 48.
16
Suppose 3*b = 7*b. Suppose b*y = -3*y + 48. Suppose 3*m - 9 = -p, p = -5*m + y - 1. What is the highest common divisor of m and 15?
3
Let c be 2 + -4 + 90 + 0. Let a(w) = 22*w - 1. Let r be a(2). Suppose 4*o = 45 + r. What is the greatest common divisor of c and o?
22
Let r(u) = u**3 + 6*u**2 + 4*u - 3. Let z be r(-5). Suppose 4*j = 3*b + 4, -b = -2*j - 3*b + z. Calculate the greatest common factor of j and 3.
1
Suppose 0 = 9*m - m + 64. Let v(j) = -j**3 - 9*j**2 - 6*j + 25. Let l be v(m). What is the greatest common divisor of 18 and l?
9
Let t = -701 - -1076. What is the highest common divisor of 300 and t?
75
Suppose 0 = -36*w + 37*w - 72. What is the greatest common factor of w and 1548?
36
Let b = -24 - -27. Suppose 0 = 3*z - j + 2*j - 36, b*z - 48 = -5*j. Calculate the highest common divisor of 33 and z.
11
Suppose b - 2 - 1 = 0. Let t be ((-3)/(-2))/(10/20). Calculate the greatest common divisor of t and b.
3
Let h be 1153/3 + 42/63. Calculate the greatest common divisor of 22 and h.
11
Let f be (16/(-36)*-39)/((-5)/(-90)). Suppose 19*s = 7*s + f. What is the highest common divisor of 13 and s?
13
Let h = -94 - -96. Let m be (-62)/(-12) + h/(-12). What is the greatest common factor of 40 and m?
5
Suppose 4*k + 476 = 3*s - s, 0 = -2*s + 5*k + 471. What is the highest common divisor of 31 and s?
31
Suppose -v - 302 = 28*p - 33*p, -3*p + 176 = 2*v. What is the highest common factor of p and 225?
15
Let k = -31 + 35. Suppose -4*s = -q - 49, q - 59 = -k*s + 4*q. Calculate the highest common factor of 88 and s.
11
Let p be -2 + 138/7 + 26/91. Suppose 4*m + 6 = p. Calculate the greatest common divisor of m and 6.
3
Let s(r) = -2*r**2 - 24*r + 32. Let t be s(-10). Let i = 59 + -35. Calculate the greatest common divisor of i and t.
24
Let o(k) be the first derivative of -3*k**2/2 - 32*k - 10. Let w be o(-12). What is the greatest common factor of w and 44?
4
Let g be (-68)/(-18) - 2/(-9). Suppose 5*f - 6*f - 15 = 0. Let m = f + 51. What is the greatest common divisor of m and g?
4
Let j = -210 - -1123. Calculate the greatest common divisor of 166 and j.
83
Suppose 535 = -10*j + 1705. What is the highest common divisor of 65 and j?
13
Let v(k) = -4*k - 13. Let w be v(6). Let r = w + 40. Suppose 0 = 3*o - h - 47, -o = r*o + 4*h - 68. Calculate the greatest common factor of 64 and o.
16
Suppose -216 = -a - 3*a. Suppose -5*t - 51 = -11. Let m = 14 + t. Calculate the greatest common divisor of m and a.
6
Let u = 22 + -10. Let y be 1 - 2 